or of a and 3.
3
Let h(t) = t**3 + 16*t**2 + 45*t - 35. Let s be h(-12). Calculate the highest common divisor of s and 118.
1
Suppose 12*q - 139 = 281. Suppose -3*n + 3*i + 88 = 7*i, n - 25 = 3*i. Calculate the highest common divisor of q and n.
7
Let k = 5 + -2. Suppose a = -2*q + 1, -5*q = 2*a - 3 - 1. Suppose 0 = q*m + 4*h - 26, -h - 31 = -m - m. Calculate the greatest common factor of m and k.
3
Suppose -12 + 3 = -3*b. Suppose -1177 = -b*q - 280. Let v = q + -112. What is the highest common divisor of 17 and v?
17
Let z = 35 + -12. Suppose 5*y - 5*c = -c + 13, -4*y = c - z. Let h be -8 + 11 - (-104)/2. What is the greatest common factor of y and h?
5
Let q(g) = 3*g**2 + 4*g + 2. Let u = 2 + -4. Let s be q(u). Suppose -n - 33*o + 16 = -31*o, 0 = 3*n - 3*o - 3. What is the highest common factor of n and s?
6
Suppose -b - 1737 + 1942 = 0. Calculate the greatest common divisor of b and 287.
41
Suppose 38*n - 34*n = 308. What is the greatest common divisor of n and 14?
7
Suppose -9*h - 208 = -13*h. Suppose -h*q + 30 = -51*q. Calculate the greatest common divisor of 75 and q.
15
Let t(u) = 31*u + 111. Let j be t(-3). Calculate the highest common divisor of 3852 and j.
18
Let d = 23 - -3. Calculate the greatest common divisor of 13 and d.
13
Suppose 0*j = -5*j + 585. Let r = -3153 - -3192. Calculate the greatest common divisor of r and j.
39
Let j(d) = 119*d - 263. Let u be j(3). What is the greatest common divisor of u and 2?
2
Let t be (-5)/((-20)/64) - 0. Let f = -12 + t. Let v be 12/(-9)*(-30)/f. Calculate the greatest common factor of v and 40.
10
Let v = -24 + 15. Let d = v + 42. Let x = -3 + d. What is the greatest common factor of x and 270?
30
Let m = -210 + 213. Let f be 2*(-3)/12*-2. Calculate the greatest common divisor of m and f.
1
Suppose -o + 23 = l, 3*l - 5*o + 35 = 4*l. Calculate the highest common divisor of 50 and l.
10
Let z(y) = -15*y - 99. Let o be z(-9). Let c(j) = -j**3 - 5*j**2 - j - 1. Let w be c(-5). Calculate the greatest common factor of w and o.
4
Let v be 0/30 - 1*-3. Calculate the highest common divisor of v and 15.
3
Let z(y) = -9*y + 27. Suppose 10 = 5*i + 20. Let b be z(i). What is the greatest common factor of 9 and b?
9
Suppose 0 = -2*g - 2*g + 84. Let q(r) = -r**3 - 16*r**2 + 17*r + 7. Let x be q(-17). Calculate the greatest common divisor of x and g.
7
Suppose 203 + 409 = 34*n. What is the highest common factor of 45 and n?
9
Let i(u) = u**3 + 2*u**2 - u + 3. Let d be i(-3). Let p = -5 - d. Let x be ((-2)/4)/(p/416). Calculate the highest common factor of x and 13.
13
Suppose -3*h + 141 = 3*u, -148 = -4*h + 2*u + 2*u. Let y(c) = -4*c + 5. Let k be y(-4). Calculate the highest common factor of k and h.
21
Suppose -3 = 3*o, -5*q = -19*o + 20*o - 554. Calculate the highest common divisor of 3 and q.
3
Let b(d) = -17*d - 687. Let q be b(-48). Calculate the highest common divisor of 903 and q.
129
Let a be (-2)/3 - (-88)/6. Suppose 56 = w - 56. Suppose -4*u = -0*u - w. Calculate the greatest common factor of a and u.
14
Let u be (-3)/(-7) + 1140/84. What is the highest common divisor of u and 14?
14
Let t be 1/(-1 + 4 - 2)*15. Suppose t = 2*r - 43. Suppose 4*l - 5*k - 126 = 0, k + 0*k = 3*l - 89. Calculate the greatest common divisor of r and l.
29
Suppose 5*z = 2*n - 138, 190 = 3*n + 11*z - 10*z. What is the greatest common divisor of n and 56?
8
Let m(r) = 4*r. Let p be m(4). Let v be (-4460)/(-40) + (-6)/(-12). What is the greatest common factor of v and p?
16
Let t(v) = v**2 - 2*v - 8. Let g be t(-12). Calculate the greatest common factor of g and 64.
32
Let n be 1396/14 - (-6)/21. Suppose -3*t + 179 = -4. Let b = t + n. Calculate the highest common factor of 23 and b.
23
Let c(b) = 2*b + 2. Let i be c(0). Let r be i/(-3)*462/(-11). Suppose o - r = 1. What is the greatest common factor of o and 116?
29
Let k = 49 - 36. Suppose k*i - 1197 = 1078. Calculate the greatest common factor of i and 25.
25
Suppose 0 = 5*a - 2*r - 60, 6*r - 11*r = 2*a - 53. Let z be (-1055)/(-25) - 1/5. Calculate the greatest common factor of a and z.
14
Let o(a) = -5*a + 33. Let m be (1 - -1)*(-210)/28. Let r be o(m). Let b = -1 + 13. What is the highest common factor of r and b?
12
Let v = -5 - -75. Let d(z) = z**2 + 5*z + 4. Let i be d(-6). Calculate the highest common factor of i and v.
10
Suppose 0 = 2*i - 6*i + 196. Let l = 57 - i. Calculate the highest common factor of 88 and l.
8
Suppose 34 = 2*s + 22. Suppose 4*q - 24 = -0*q. What is the highest common factor of q and s?
6
Suppose 361 = 35*u - 19*u - 407. Let m = 17 - 5. Suppose 2*h = 4*h - m. Calculate the highest common divisor of h and u.
6
Suppose 0 = -4*o + 20, 9*o - 6*o - 114 = -3*a. What is the greatest common divisor of 3729 and a?
33
Let v = -14 - -20. Let u = -146 - -149. What is the highest common divisor of u and v?
3
Suppose 2*n = 5*l + 50, -2*n - 3*n + 55 = 5*l. Suppose -o - n = -34. What is the greatest common factor of o and 19?
19
Let y(h) = 2*h**3 - 45*h**2 + 71*h - 38. Let z be y(21). What is the highest common factor of z and 416?
26
Let m be ((-27)/54)/((-1)/20). Let v(c) be the first derivative of -c**2/2 + 11*c + 1. Let z be v(m). Calculate the highest common divisor of z and 1.
1
Suppose -279 = -56*q + 59*q. Let z = -69 - q. What is the highest common factor of 24 and z?
24
Suppose -2*x = 9 - 427. Calculate the greatest common divisor of 38 and x.
19
Let u be (-15)/3 + 54 + 1. Suppose -102 = -5*y - 2*x, -y = -0*y - 4*x - 16. What is the greatest common divisor of y and u?
10
Let b(k) = k**3 + 13*k**2 - 13*k + 14. Let x be b(-14). Suppose -128 = -x*t - 3*t - 4*a, -4*a = 16. Calculate the highest common factor of t and 240.
48
Let a be 20/3 + (-210)/126. Calculate the greatest common divisor of a and 5.
5
Suppose 4*j - 36 = -4*l, 0*l - 5*l + 5 = -5*j. What is the greatest common factor of 26 and j?
2
Let y(g) = 202*g**2 + 18*g + 1. Let t be y(2). Calculate the highest common factor of t and 39.
13
Let p be (-6)/6 - (-4 - -1). Suppose -4*t = -2*y - y + 15, -p*y - t = -10. What is the highest common divisor of 25 and y?
5
Let j be (-5 - 1) + (2 - -36)*1. What is the highest common factor of 248 and j?
8
Let j be (-3)/(-6) + (-31)/(-2). Calculate the highest common factor of j and 40.
8
Let u be (65/15 - 4)*111 + 1. Calculate the greatest common divisor of u and 6.
2
Let b(p) = -19*p - 158. Let y be b(-14). Let l(r) = -6 + 0*r + 4 - 7*r. Let q be l(-2). What is the greatest common factor of y and q?
12
Suppose 4*n - 2*u = 1854, -5*n = -0*n - 3*u - 2319. Calculate the highest common factor of 44 and n.
22
Let c = 926 - 400. Suppose c = 2*z + 76. Calculate the highest common factor of z and 90.
45
Let p(s) = 3*s**3 - 14*s**2 + 31*s + 4. Let f be p(3). Calculate the highest common divisor of f and 2132.
52
Let u(i) = 5*i - 15. Let b be u(4). Suppose b*h - 671 = -271. Let v = 114 - h. What is the greatest common divisor of v and 85?
17
Suppose 15*i - 288 = -3*i. What is the greatest common divisor of i and 22?
2
Suppose 0 = z - 205 - 125. What is the highest common divisor of 10 and z?
10
Suppose -4*q = -q - 6, -27 = -g + 3*q. Suppose 15 = 5*j - 0*j - 3*x, 5*j - 15 = -5*x. Calculate the highest common factor of j and g.
3
Let d be (1350/12)/3 - 21/14. What is the greatest common factor of 270 and d?
18
Let v(m) = 2*m**3 - 14*m**2 + 16*m. Let b be v(6). What is the greatest common divisor of 16 and b?
8
Let x be ((-13)/((-312)/(-36)))/(2/(-4)). Calculate the highest common divisor of x and 1.
1
Let d be -1*3*(-2)/3. Suppose -t + d*t - 45 = 0. Let g = -750 + 755. What is the highest common factor of g and t?
5
Let u = 24 - 18. Suppose -5*m = -46 + u. Let a be (6 - m)*(-2 - 3). Calculate the greatest common divisor of 5 and a.
5
Let v be (4 + (3 - 2))*1/5. Let a be 2/1*1/2. Calculate the highest common divisor of v and a.
1
Let w be 4/(-10) + 24/10. Suppose 3*d = -w*d + 1500. Let r be d/44 + (-6)/(-33). What is the highest common factor of r and 7?
7
Suppose 14 = 2*t + 3*m - 5*m, 3*t + 5*m = -3. Let g(x) = -x**3 + 5*x**2 + 6*x + 8. Let h be g(6). Calculate the highest common factor of h and t.
4
Let c = -2567 - -3726. Calculate the highest common factor of 19 and c.
19
Let b be (-34 + 1)*(-4 - 40/(-12)). What is the highest common divisor of b and 11?
11
Supp